 41333 composite?
False
Is 211 a prime number?
True
Is 89189 prime?
True
Is 679 prime?
False
Is 3061151 composite?
True
Is 7411 composite?
False
Is 911503 composite?
False
Is 7115 composite?
True
Is 299645 a prime number?
False
Is 79181 a composite number?
False
Is 15499 prime?
False
Is 514 prime?
False
Is 10909 prime?
True
Is 3251 prime?
True
Is 488811 composite?
True
Is 2673485 prime?
False
Is 66697 a prime number?
True
Is 47301 a composite number?
True
Is 11141 a composite number?
True
Is 16427 a composite number?
False
Is 2041 prime?
False
Is 27779 a composite number?
False
Is 429701 prime?
True
Is 20639 composite?
False
Is 91487 composite?
True
Is 66295 a prime number?
False
Is 128981 prime?
True
Is 1384387 a composite number?
False
Is 12953 a composite number?
False
Is 16427 a prime number?
True
Is 293 composite?
False
Is 310771 a prime number?
True
Is 91109 a prime number?
False
Is 2653 prime?
False
Is 1864749 composite?
True
Is 19237 a composite number?
False
Is 3019 a composite number?
False
Is 7867 prime?
True
Is 87473 prime?
True
Is 2317 composite?
True
Is 2291 prime?
False
Is 725897 a composite number?
False
Is 17783 a prime number?
True
Is 20021 a composite number?
False
Is 3019 a prime number?
True
Is 12687 composite?
True
Is 202079 a prime number?
False
Is 6731 a prime number?
False
Is 24499 prime?
True
Is 39335 prime?
False
Is 3557 composite?
False
Is 84478 a composite number?
True
Is 1499 prime?
True
Is 7663 a composite number?
True
Is 417217 a prime number?
True
Is 32105 a prime number?
False
Is 14051 a composite number?
False
Is 3683 a prime number?
False
Is 40387 a composite number?
False
Is 2400661 a prime number?
True
Is 51811 a prime number?
False
Is 6503 composite?
True
Is 392523 composite?
True
Is 38279 prime?
False
Is 10739 composite?
False
Is 2971 a prime number?
True
Is 3692291 a prime number?
True
Is 9113 a prime number?
False
Is 14591 composite?
False
Is 9517 a composite number?
True
Is 4313 prime?
False
Is 995611 a composite number?
False
Is 35363 composite?
False
Is 769481 prime?
False
Is 56731 a prime number?
True
Is 9533 prime?
True
Is 1290619 prime?
False
Is 180043 prime?
True
Is 73417 a composite number?
False
Is 188585 a composite number?
True
Is 95899 a prime number?
False
Is 975181 a composite number?
False
Is 105371 prime?
False
Is 2707 composite?
False
Is 11863 prime?
True
Is 18973 a prime number?
True
Is 40813 a prime number?
True
Is 22767 prime?
False
Is 15431 prime?
False
Is 234653 composite?
False
Is 2719 composite?
False
Is 7349 composite?
False
Is 383693 composite?
False
Is 24607 a composite number?
True
Is 57151 a composite number?
True
Is 74941 composite?
False
Is 128099 a prime number?
True
Is 478991 composite?
False
Is 21453 a composite number?
True
Is 13109 a prime number?
True
Is 881929 a prime number?
False
Is 8813 a prime number?
False
Is 3277 a composite number?
True
Is 20789 a prime number?
True
Is 363241 prime?
False
Is 50033 a prime number?
True
Is 24589 composite?
True
Is 41719 a prime number?
True
Is 5779 prime?
True
Is 758998 prime?
False
Is 17957 composite?
False
Is 9491 a prime number?
True
Is 697 a composite number?
True
Is 9511 a composite number?
False
Is 16921 a composite number?
False
Is 436399 prime?
True
Is 32493 prime?
False
Is 9442 a composite number?
True
Is 69461 a prime number?
False
Is 681361 composite?
False
Is 104431 a prime number?
False
Is 10391 composite?
False
Is 623717 prime?
True
Is 25969 a prime number?
True
Is 19829 prime?
False
Is 191 a composite number?
False
Is 515379 prime?
False
Is 1531 a prime number?
True
Is 393359 a prime number?
False
Is 39733 a composite number?
False
Is 3899 composite?
True
Is 144986 a composite number?
True
Is 581 a prime number?
False
Is 401021 a prime number?
False
Is 1943 composite?
True
Is 18397 a composite number?
False
Is 402923 a composite number?
False
Is 2214985 a prime number?
False
Is 1918219 a composite number?
False
Is 140891 a prime number?
True
Is 5158 composite?
True
Is 75821 a prime number?
True
Is 19547 a prime number?
False
Is 29527 composite?
False
Is 32831 composite?
False
Is 15389 a prime number?
False
Is 89603 a composite number?
False
Is 36591 prime?
False
Is 38251 a composite number?
True
Is 2672671 prime?
True
Is 51379 composite?
True
Is 27757 a prime number?
False
Is 1386566 a prime number?
False
Is 16963 composite?
False
Is 2267497 a composite number?
False
Is 320267 prime?
True
Is 7121 composite?
False
Is 331373 a prime number?
False
Is 58931 a composite number?
True
Is 31511 a prime number?
True
Is 4874 composite?
True
Is 270521 composite?
True
Is 7919 prime?
True
Is 82883 a composite number?
False
Is 121073 prime?
False
Is 5669 composite?
False
Is 30829 composite?
False
Is 303317 a prime number?
False
Is 2161 prime?
True
Is 218479 prime?
True
Is 182345 composite?
True
Is 4595 prime?
False
Is 46402 a prime number?
False
Is 80651 a composite number?
False
Is 9803 a prime number?
True
Is 88759 a composite number?
True
Is 879227 prime?
True
Is 50509 composite?
True
Is 21419 composite?
False
Is 44867 a prime number?
True
Is 521 composite?
False
Is 4349 a composite number?
False
Is 185219 composite?
True
Is 137626 prime?
False
Is 157 a prime number?
True
Is 29487 a composite number?
True
Is 38273 prime?
True
Is 2101 prime?
False
Is 6053 a prime number?
True
Is 398143 a composite number?
False
Is 840851 a prime number?
False
Is 160213 a composite number?
True
Is 355237 a composite number?
True
Is 561007 a composite number?
True
Is 8999 a composite number?
False
Is 429953 a composite number?
False
Is 32633 a prime number?
True
Is 131869 prime?
False
Is 1449791 composite?
True
Is 8543 a composite number?
False
Is 97222 a composite number?
True
Is 26242 prime?
False
Is 14519 composite?
False
Is 4111 a prime number?
True
Is 24593 a composite number?
False
Is 146743 composite?
False
Is 260921 prime?
True
Is 112741 composite?
False
Is 33869 a composite number?
True
Is 192107 a prime number?
False
Is 143951 composite?
True
Is 364267 a prime number?
True
Is 1117 prime?
True
Is 407249 a composite number?
False
Is 88433 a prime number?
False
Is 21377 prime?
True
Is 176335 a prime number?
False
Is 556265 composite?
True
Is 1178659 composite?
False
Is 215653 a prime number?
True
Is 6469 prime?
True
Is 41461 prime?
False
Is 23093 a prime number?
False
Is 664721 a prime number?
False
Is 40497 composite?
True
Is 89553 prime?
False
Is 15653 a composite number?
True
Is 2099 a composite number?
False
Is 24789 a composite number?
True
Is 9851 a prime number?
True
Is 8441 prime?
False
Is 459527 a prime number?
False
Is 48131 a prime number?
True
Is 300002 a composite number?
True
Is 428639 composite?
False
Is 29501 a composite number?
False
Is 18529 a composite number?
True
Is 5531 prime?
True
Is 1931 prime?
True
Is 88037 composite?
False
Is 14239 composite?
True
Is 23771 prime?
False
Is 16733 prime?
False
Is 75479 composite?
False
Is 36653 a composite number?
False
Is 38113 a composite number?
False
Is 1392631 a composite number?
False
Is 2785 a prime number?
False
Is 2306523 a composite number?
True
Is 93851 a prime number?
True
Is 42239 a composite number?
False
Is 3151 a composite number?
True
Is 34334 composite?
True
Is 133379 a prime number?
True
Is 38667 a prime number?
False
Is 2186 composite?
True
Is 80347 prime?
True
Is 17827 a prime number?
True
Is 126421 a prime number?
True
Is 105439 a composite number?
True
Is 9033083 composite?
False
Is 394931 a composite number?
False
Is 16163 a composite number?
True
Is 291215 composite?
True
Is 91007 composite?
True
Is 1799951 composite?
False
Is 5737 composite?
False
Is 40387 a composite number?
False
Is 9731 a composite number?
True
Is 9647 a composite number?
True
Is 11593 a prime number?
True
Is 922601 composite?
False
Is 45221 a composite number?
True
Is 523 a prime number?
True
Is 106667 a composite number?
True
Is 29157 composite?
True
Is 24659 prime?
True
Is 1234223 a composite number?
True
Is 1244909 prime?
True
Is 450943 a prime number?
True
Is 363407 composite?
True
Is 58655 prime?
False
Is 397 a prime number?
True
Is 74071 composite?
False
Is 30631 prime?
True
Is 2077979 composite?
True
Is 24067 a composite number?
True
Is 77471 composite?
False
Is 3239 comp